{"id":999,"date":"2019-11-28T14:09:01","date_gmt":"2019-11-28T14:09:01","guid":{"rendered":"https:\/\/www.hygiene-office.fr\/boutique\/?post_type=product&#038;p=999"},"modified":"2026-02-09T16:00:34","modified_gmt":"2026-02-09T16:00:34","slug":"location-pince-thermique-30-cm","status":"publish","type":"product","link":"https:\/\/www.hygiene-office.fr\/boutique\/produit\/location-pince-thermique-30-cm\/","title":{"rendered":"Location pince thermique 30 cm"},"content":{"rendered":"<h2>Location d&rsquo;une pince thermosoudable 30 cm<\/h2>\n<p>Nous vous proposons la location d&rsquo;une pince thermique 30\u00a0cm afin que vous r\u00e9alisiez par vous m\u00eame vos poches d&rsquo;anoxie.<\/p>\n<p><strong>Louable sur une p\u00e9riode de 15 jours, il est possible d&rsquo;allonger cette dur\u00e9e en s\u00e9lectionnant la dur\u00e9e souhait\u00e9e.\u00a0<\/strong><b><\/b><\/p>\n<p><em>De plus, un ch\u00e8que de caution au prix de<b> 1 613.72 \u20ac TTC<\/b> vous sera demand\u00e9 lors de votre commande<\/em><strong>. <\/strong>Il vous sera restitu\u00e9 au retour (\u00e0 vos frais) de l&rsquo;appareil en bon \u00e9tat de fonctionnement.<\/p>\n<p>&nbsp;<\/p>\n<p style=\"text-align: center\">La pince PST30 a une longueur de scellage de 30m, et p\u00e8se 3,5 kilos\u00a0grammes. Elle est pratique et facile d&rsquo;utilisation<\/p>\n<p>&nbsp;<\/p>\n<p>Elle est recommand\u00e9e\u00a0pour toutes les grandes\u00a0poches d&rsquo;anoxie, d&rsquo;un grand volume.<\/p>\n<p>Avant toute commande, merci de prendre contact avec nos services pour v\u00e9rifier la disponibilit\u00e9 ou tout renseignement concernant le\u00a0 mat\u00e9riel demand\u00e9.<\/p>\n<p>&nbsp;<\/p>\n<p>Et pour toujours plus de confort de travail: il\u00a0 est possible de livrer directement sur votre lieu de travail la pince thermique 30 cm.<\/p>\n<p>Cependant \u00e0 condition qu&rsquo;il y ait bien entendu une personne pour r\u00e9cup\u00e9rer le colis sur place.<\/p>\n<p>&nbsp;<\/p>\n<blockquote>\n<p style=\"text-align: center\"><em>Depuis plus de 40 ans, Hygi\u00e8ne Office offre \u00e0 ses clients un service complet de pr\u00e9servation et de conservation du patrimoine.\u00a0Hygi\u00e8ne Office vous propose ses conseils et formations pour vous accompagner dans votre propre d\u00e9marche de d\u00e9sinsectisation.\u00a0Que vous repr\u00e9sentiez un mus\u00e9e, une biblioth\u00e8que, un atelier, une collectivit\u00e9&#8230; Ou bien un collectionneur nous vous formerons et vous conseillerons.\u00a0<\/em><\/p>\n<p style=\"text-align: center\"><em>Nous sommes sp\u00e9cialis\u00e9s\u00a0dans la pr\u00e9servation du patrimoine (arts sacr\u00e9s, \u0153uvres et objets d\u2019art, patrimoine mus\u00e9al, documents graphiques, ch\u00e2teaux, \u00e9glises, b\u00e2timents class\u00e9s).<\/em><\/p>\n<p>&nbsp;<\/p><\/blockquote>\n<p>On vous propose ainsi des\u00a0m\u00e9thodes de traitement adapt\u00e9es contre les d\u00e9gradations provoqu\u00e9es par les insectes, les rongeurs, les champignons ou les moisissures.<\/p>\n<p>&nbsp;<\/p>\n<h4 style=\"text-align: center\"><span style=\"float: none;background-color: #ffffff;color: #333333;cursor: text;font-family: Georgia,'Times New Roman','Bitstream Charter',Times,serif;font-size: 16px;font-style: normal;font-variant: normal;font-weight: 400;letter-spacing: normal;text-align: left;text-decoration: none;text-indent: 0px\">Nous sommes joignables au 01 60 11 25 23\u00a0<\/span><\/h4>\n<p>&nbsp;<\/p>\n<p><strong>Connaissez vous notre site internet d\u00e9di\u00e9 \u00e0 la protection du patrimoine artistique et culturel ? <a class=\"oajrlxb2 g5ia77u1 qu0x051f esr5mh6w e9989ue4 r7d6kgcz rq0escxv nhd2j8a9 nc684nl6 p7hjln8o kvgmc6g5 cxmmr5t8 oygrvhab hcukyx3x jb3vyjys rz4wbd8a qt6c0cv9 a8nywdso i1ao9s8h esuyzwwr f1sip0of lzcic4wl gpro0wi8 py34i1dx\" role=\"link\" href=\"https:\/\/anoxie.fr\/?fbclid=IwAR2WaHWzow4P0C_qyUAEviHmVM_nmRx1o-CsmETw83B4tASbX4q4TSiA_iU\" target=\"_blank\" rel=\"nofollow noopener\">https:\/\/anoxie.fr\/<\/a><\/strong><\/p>\n","protected":false},"excerpt":{"rendered":"<p>PINCE THERMIQUE 30 CM\u00a0(plusieurs r\u00e9f\u00e9rences possibles en fonction de leurs disponibilit\u00e9s)<\/p>\n<p>Ch\u00e8que de caution de 1 613.72 \u20ac TTC<\/p>\n<p><strong>Location de 15 jours, modulable sous conditions<\/strong><\/p>\n","protected":false},"featured_media":104,"template":"","meta":{"_et_pb_use_builder":"","_et_pb_old_content":"","_et_gb_content_width":""},"product_brand":[],"product_cat":[37,43],"product_tag":[56,369,367,368],"class_list":{"0":"post-999","1":"product","2":"type-product","3":"status-publish","4":"has-post-thumbnail","6":"product_cat-materiel-de-desinsectisation-par-anoxie-statique","7":"product_cat-pinces-thermo-soudantes","8":"product_tag-location","9":"product_tag-materiel-anoxie","10":"product_tag-pince-30","11":"product_tag-pince-thermique","12":"pa_duree-de-location-15-jours","13":"pa_duree-de-location-1-mois","14":"pa_duree-de-location-15-mois","15":"pa_duree-de-location-2-mois","17":"first","18":"instock","19":"taxable","20":"shipping-taxable","21":"purchasable","22":"product-type-variable","23":"has-default-attributes"},"yoast_head":"<!-- This site is optimized with the Yoast SEO plugin v25.6 - https:\/\/yoast.com\/wordpress\/plugins\/seo\/ -->\n<title>Location pince thermique 30 cm de longueur par HYGIENE OFFICE<\/title>\n<meta name=\"description\" content=\"HYGIENE OFFICE propose un pince thermique 30 cm en location pour vous faire b\u00e9n\u00e9ficier \u00e0 faible co\u00fbt une pince pour vos poches d&#039;anoxie\" \/>\n<meta name=\"robots\" content=\"index, follow, max-snippet:-1, max-image-preview:large, max-video-preview:-1\" \/>\n<link rel=\"canonical\" href=\"https:\/\/www.hygiene-office.fr\/boutique\/produit\/location-pince-thermique-30-cm\/\" \/>\n<meta property=\"og:locale\" content=\"fr_FR\" \/>\n<meta property=\"og:type\" content=\"article\" \/>\n<meta property=\"og:title\" content=\"Location pince thermique 30 cm de longueur par HYGIENE OFFICE\" \/>\n<meta property=\"og:description\" content=\"HYGIENE OFFICE propose un pince thermique 30 cm en location pour vous faire b\u00e9n\u00e9ficier \u00e0 faible co\u00fbt une pince pour vos poches d&#039;anoxie\" \/>\n<meta property=\"og:url\" content=\"https:\/\/www.hygiene-office.fr\/boutique\/produit\/location-pince-thermique-30-cm\/\" \/>\n<meta property=\"og:site_name\" content=\"Hygi\u00e8ne Office - La boutique\" \/>\n<meta property=\"article:modified_time\" content=\"2026-02-09T16:00:34+00:00\" \/>\n<meta property=\"og:image\" content=\"https:\/\/www.hygiene-office.fr\/boutique\/wp-content\/uploads\/2015\/02\/pince-thermo-soudage.png\" \/>\n\t<meta property=\"og:image:width\" content=\"667\" \/>\n\t<meta property=\"og:image:height\" content=\"667\" \/>\n\t<meta property=\"og:image:type\" content=\"image\/png\" \/>\n<meta name=\"twitter:label1\" content=\"Dur\u00e9e de lecture estim\u00e9e\" \/>\n\t<meta name=\"twitter:data1\" content=\"2 minutes\" \/>\n<script type=\"application\/ld+json\" class=\"yoast-schema-graph\">{\"@context\":\"https:\/\/schema.org\",\"@graph\":[{\"@type\":\"WebPage\",\"@id\":\"https:\/\/www.hygiene-office.fr\/boutique\/produit\/location-pince-thermique-30-cm\/\",\"url\":\"https:\/\/www.hygiene-office.fr\/boutique\/produit\/location-pince-thermique-30-cm\/\",\"name\":\"Location pince thermique 30 cm de longueur par HYGIENE OFFICE\",\"isPartOf\":{\"@id\":\"https:\/\/www.hygiene-office.fr\/boutique\/#website\"},\"primaryImageOfPage\":{\"@id\":\"https:\/\/www.hygiene-office.fr\/boutique\/produit\/location-pince-thermique-30-cm\/#primaryimage\"},\"image\":{\"@id\":\"https:\/\/www.hygiene-office.fr\/boutique\/produit\/location-pince-thermique-30-cm\/#primaryimage\"},\"thumbnailUrl\":\"https:\/\/www.hygiene-office.fr\/boutique\/wp-content\/uploads\/2015\/02\/pince-thermo-soudage.png\",\"datePublished\":\"2019-11-28T14:09:01+00:00\",\"dateModified\":\"2026-02-09T16:00:34+00:00\",\"description\":\"HYGIENE OFFICE propose un pince thermique 30 cm en location pour vous faire b\u00e9n\u00e9ficier \u00e0 faible co\u00fbt une pince pour vos poches d'anoxie\",\"breadcrumb\":{\"@id\":\"https:\/\/www.hygiene-office.fr\/boutique\/produit\/location-pince-thermique-30-cm\/#breadcrumb\"},\"inLanguage\":\"fr-FR\",\"potentialAction\":[{\"@type\":\"ReadAction\",\"target\":[\"https:\/\/www.hygiene-office.fr\/boutique\/produit\/location-pince-thermique-30-cm\/\"]}]},{\"@type\":\"ImageObject\",\"inLanguage\":\"fr-FR\",\"@id\":\"https:\/\/www.hygiene-office.fr\/boutique\/produit\/location-pince-thermique-30-cm\/#primaryimage\",\"url\":\"https:\/\/www.hygiene-office.fr\/boutique\/wp-content\/uploads\/2015\/02\/pince-thermo-soudage.png\",\"contentUrl\":\"https:\/\/www.hygiene-office.fr\/boutique\/wp-content\/uploads\/2015\/02\/pince-thermo-soudage.png\",\"width\":667,\"height\":667,\"caption\":\"pince de thermosoudure de 30cm\"},{\"@type\":\"BreadcrumbList\",\"@id\":\"https:\/\/www.hygiene-office.fr\/boutique\/produit\/location-pince-thermique-30-cm\/#breadcrumb\",\"itemListElement\":[{\"@type\":\"ListItem\",\"position\":1,\"name\":\"Accueil\",\"item\":\"https:\/\/www.hygiene-office.fr\/boutique\/\"},{\"@type\":\"ListItem\",\"position\":2,\"name\":\"Location pince thermique 30 cm\"}]},{\"@type\":\"WebSite\",\"@id\":\"https:\/\/www.hygiene-office.fr\/boutique\/#website\",\"url\":\"https:\/\/www.hygiene-office.fr\/boutique\/\",\"name\":\"Hygi\u00e8ne Office - La boutique\",\"description\":\"tous vos produits \u00e0 port\u00e9e de clic\",\"publisher\":{\"@id\":\"https:\/\/www.hygiene-office.fr\/boutique\/#organization\"},\"potentialAction\":[{\"@type\":\"SearchAction\",\"target\":{\"@type\":\"EntryPoint\",\"urlTemplate\":\"https:\/\/www.hygiene-office.fr\/boutique\/?s={search_term_string}\"},\"query-input\":{\"@type\":\"PropertyValueSpecification\",\"valueRequired\":true,\"valueName\":\"search_term_string\"}}],\"inLanguage\":\"fr-FR\"},{\"@type\":\"Organization\",\"@id\":\"https:\/\/www.hygiene-office.fr\/boutique\/#organization\",\"name\":\"Hygi\u00e8ne Office - La boutique\",\"url\":\"https:\/\/www.hygiene-office.fr\/boutique\/\",\"logo\":{\"@type\":\"ImageObject\",\"inLanguage\":\"fr-FR\",\"@id\":\"https:\/\/www.hygiene-office.fr\/boutique\/#\/schema\/logo\/image\/\",\"url\":\"\",\"contentUrl\":\"\",\"caption\":\"Hygi\u00e8ne Office - La boutique\"},\"image\":{\"@id\":\"https:\/\/www.hygiene-office.fr\/boutique\/#\/schema\/logo\/image\/\"}}]}<\/script>\n<!-- \/ Yoast SEO plugin. -->","yoast_head_json":{"title":"Location pince thermique 30 cm de longueur par HYGIENE OFFICE","description":"HYGIENE OFFICE propose un pince thermique 30 cm en location pour vous faire b\u00e9n\u00e9ficier \u00e0 faible co\u00fbt une pince pour vos poches d'anoxie","robots":{"index":"index","follow":"follow","max-snippet":"max-snippet:-1","max-image-preview":"max-image-preview:large","max-video-preview":"max-video-preview:-1"},"canonical":"https:\/\/www.hygiene-office.fr\/boutique\/produit\/location-pince-thermique-30-cm\/","og_locale":"fr_FR","og_type":"article","og_title":"Location pince thermique 30 cm de longueur par HYGIENE OFFICE","og_description":"HYGIENE OFFICE propose un pince thermique 30 cm en location pour vous faire b\u00e9n\u00e9ficier \u00e0 faible co\u00fbt une pince pour vos poches d'anoxie","og_url":"https:\/\/www.hygiene-office.fr\/boutique\/produit\/location-pince-thermique-30-cm\/","og_site_name":"Hygi\u00e8ne Office - La boutique","article_modified_time":"2026-02-09T16:00:34+00:00","og_image":[{"width":667,"height":667,"url":"https:\/\/www.hygiene-office.fr\/boutique\/wp-content\/uploads\/2015\/02\/pince-thermo-soudage.png","type":"image\/png"}],"twitter_misc":{"Dur\u00e9e de lecture estim\u00e9e":"2 minutes"},"schema":{"@context":"https:\/\/schema.org","@graph":[{"@type":"WebPage","@id":"https:\/\/www.hygiene-office.fr\/boutique\/produit\/location-pince-thermique-30-cm\/","url":"https:\/\/www.hygiene-office.fr\/boutique\/produit\/location-pince-thermique-30-cm\/","name":"Location pince thermique 30 cm de longueur par HYGIENE OFFICE","isPartOf":{"@id":"https:\/\/www.hygiene-office.fr\/boutique\/#website"},"primaryImageOfPage":{"@id":"https:\/\/www.hygiene-office.fr\/boutique\/produit\/location-pince-thermique-30-cm\/#primaryimage"},"image":{"@id":"https:\/\/www.hygiene-office.fr\/boutique\/produit\/location-pince-thermique-30-cm\/#primaryimage"},"thumbnailUrl":"https:\/\/www.hygiene-office.fr\/boutique\/wp-content\/uploads\/2015\/02\/pince-thermo-soudage.png","datePublished":"2019-11-28T14:09:01+00:00","dateModified":"2026-02-09T16:00:34+00:00","description":"HYGIENE OFFICE propose un pince thermique 30 cm en location pour vous faire b\u00e9n\u00e9ficier \u00e0 faible co\u00fbt une pince pour vos poches d'anoxie","breadcrumb":{"@id":"https:\/\/www.hygiene-office.fr\/boutique\/produit\/location-pince-thermique-30-cm\/#breadcrumb"},"inLanguage":"fr-FR","potentialAction":[{"@type":"ReadAction","target":["https:\/\/www.hygiene-office.fr\/boutique\/produit\/location-pince-thermique-30-cm\/"]}]},{"@type":"ImageObject","inLanguage":"fr-FR","@id":"https:\/\/www.hygiene-office.fr\/boutique\/produit\/location-pince-thermique-30-cm\/#primaryimage","url":"https:\/\/www.hygiene-office.fr\/boutique\/wp-content\/uploads\/2015\/02\/pince-thermo-soudage.png","contentUrl":"https:\/\/www.hygiene-office.fr\/boutique\/wp-content\/uploads\/2015\/02\/pince-thermo-soudage.png","width":667,"height":667,"caption":"pince de thermosoudure de 30cm"},{"@type":"BreadcrumbList","@id":"https:\/\/www.hygiene-office.fr\/boutique\/produit\/location-pince-thermique-30-cm\/#breadcrumb","itemListElement":[{"@type":"ListItem","position":1,"name":"Accueil","item":"https:\/\/www.hygiene-office.fr\/boutique\/"},{"@type":"ListItem","position":2,"name":"Location pince thermique 30 cm"}]},{"@type":"WebSite","@id":"https:\/\/www.hygiene-office.fr\/boutique\/#website","url":"https:\/\/www.hygiene-office.fr\/boutique\/","name":"Hygi\u00e8ne Office - La boutique","description":"tous vos produits \u00e0 port\u00e9e de clic","publisher":{"@id":"https:\/\/www.hygiene-office.fr\/boutique\/#organization"},"potentialAction":[{"@type":"SearchAction","target":{"@type":"EntryPoint","urlTemplate":"https:\/\/www.hygiene-office.fr\/boutique\/?s={search_term_string}"},"query-input":{"@type":"PropertyValueSpecification","valueRequired":true,"valueName":"search_term_string"}}],"inLanguage":"fr-FR"},{"@type":"Organization","@id":"https:\/\/www.hygiene-office.fr\/boutique\/#organization","name":"Hygi\u00e8ne Office - La boutique","url":"https:\/\/www.hygiene-office.fr\/boutique\/","logo":{"@type":"ImageObject","inLanguage":"fr-FR","@id":"https:\/\/www.hygiene-office.fr\/boutique\/#\/schema\/logo\/image\/","url":"","contentUrl":"","caption":"Hygi\u00e8ne Office - La boutique"},"image":{"@id":"https:\/\/www.hygiene-office.fr\/boutique\/#\/schema\/logo\/image\/"}}]}},"_links":{"self":[{"href":"https:\/\/www.hygiene-office.fr\/boutique\/wp-json\/wp\/v2\/product\/999","targetHints":{"allow":["GET"]}}],"collection":[{"href":"https:\/\/www.hygiene-office.fr\/boutique\/wp-json\/wp\/v2\/product"}],"about":[{"href":"https:\/\/www.hygiene-office.fr\/boutique\/wp-json\/wp\/v2\/types\/product"}],"wp:featuredmedia":[{"embeddable":true,"href":"https:\/\/www.hygiene-office.fr\/boutique\/wp-json\/wp\/v2\/media\/104"}],"wp:attachment":[{"href":"https:\/\/www.hygiene-office.fr\/boutique\/wp-json\/wp\/v2\/media?parent=999"}],"wp:term":[{"taxonomy":"product_brand","embeddable":true,"href":"https:\/\/www.hygiene-office.fr\/boutique\/wp-json\/wp\/v2\/product_brand?post=999"},{"taxonomy":"product_cat","embeddable":true,"href":"https:\/\/www.hygiene-office.fr\/boutique\/wp-json\/wp\/v2\/product_cat?post=999"},{"taxonomy":"product_tag","embeddable":true,"href":"https:\/\/www.hygiene-office.fr\/boutique\/wp-json\/wp\/v2\/product_tag?post=999"}],"curies":[{"name":"wp","href":"https:\/\/api.w.org\/{rel}","templated":true}]}}